 the remainder when 11931 is divided by 3975.
6
Calculate the remainder when 138 is divided by 68.
2
What is the remainder when 407 is divided by 101?
3
Calculate the remainder when 48 is divided by 11.
4
Calculate the remainder when 400 is divided by 30.
10
What is the remainder when 74 is divided by 39?
35
Calculate the remainder when 51 is divided by 17.
0
What is the remainder when 116 is divided by 20?
16
Calculate the remainder when 150 is divided by 56.
38
Calculate the remainder when 2799 is divided by 28.
27
What is the remainder when 5252 is divided by 74?
72
What is the remainder when 660 is divided by 17?
14
Calculate the remainder when 1138 is divided by 64.
50
What is the remainder when 2732 is divided by 214?
164
What is the remainder when 18458 is divided by 52?
50
What is the remainder when 1219 is divided by 94?
91
What is the remainder when 204 is divided by 14?
8
Calculate the remainder when 187 is divided by 59.
10
What is the remainder when 229 is divided by 92?
45
Calculate the remainder when 340 is divided by 39.
28
Calculate the remainder when 366 is divided by 46.
44
Calculate the remainder when 257 is divided by 126.
5
What is the remainder when 20471 is divided by 195?
191
What is the remainder when 3564 is divided by 712?
4
What is the remainder when 20 is divided by 9?
2
Calculate the remainder when 269 is divided by 75.
44
Calculate the remainder when 306 is divided by 26.
20
What is the remainder when 1139 is divided by 16?
3
Calculate the remainder when 248 is divided by 107.
34
What is the remainder when 7692 is divided by 43?
38
What is the remainder when 418 is divided by 14?
12
What is the remainder when 857 is divided by 18?
11
Calculate the remainder when 392 is divided by 30.
2
What is the remainder when 258 is divided by 25?
8
Calculate the remainder when 29904 is divided by 19.
17
What is the remainder when 346 is divided by 58?
56
What is the remainder when 310 is divided by 133?
44
What is the remainder when 151 is divided by 54?
43
What is the remainder when 1165 is divided by 11?
10
What is the remainder when 1495 is divided by 44?
43
What is the remainder when 1084 is divided by 109?
103
What is the remainder when 369 is divided by 130?
109
Calculate the remainder when 484 is divided by 61.
57
Calculate the remainder when 5404 is divided by 12.
4
What is the remainder when 1242 is divided by 61?
22
What is the remainder when 239 is divided by 82?
75
Calculate the remainder when 408 is divided by 134.
6
What is the remainder when 1631 is divided by 16?
15
Calculate the remainder when 137 is divided by 81.
56
Calculate the remainder when 723 is divided by 8.
3
What is the remainder when 681 is divided by 17?
1
Calculate the remainder when 1121 is divided by 66.
65
Calculate the remainder when 780 is divided by 58.
26
Calculate the remainder when 145 is divided by 86.
59
What is the remainder when 464 is divided by 179?
106
Calculate the remainder when 265 is divided by 127.
11
Calculate the remainder when 628 is divided by 37.
36
Calculate the remainder when 3562 is divided by 29.
24
What is the remainder when 78 is divided by 63?
15
What is the remainder when 835 is divided by 77?
65
What is the remainder when 39 is divided by 29?
10
What is the remainder when 6473 is divided by 185?
183
Calculate the remainder when 254 is divided by 59.
18
What is the remainder when 1409 is divided by 175?
9
Calculate the remainder when 1077 is divided by 47.
43
What is the remainder when 1302 is divided by 266?
238
What is the remainder when 16144 is divided by 23?
21
What is the remainder when 36 is divided by 11?
3
What is the remainder when 803 is divided by 275?
253
Calculate the remainder when 188 is divided by 73.
42
Calculate the remainder when 240 is divided by 1.
0
Calculate the remainder when 1352 is divided by 84.
8
Calculate the remainder when 170 is divided by 9.
8
What is the remainder when 462 is divided by 60?
42
Calculate the remainder when 1148 is divided by 24.
20
What is the remainder when 1565 is divided by 16?
13
Calculate the remainder when 218 is divided by 17.
14
What is the remainder when 301 is divided by 101?
99
Calculate the remainder when 138 is divided by 30.
18
Calculate the remainder when 185 is divided by 13.
3
Calculate the remainder when 2498 is divided by 61.
58
Calculate the remainder when 145 is divided by 76.
69
Calculate the remainder when 46 is divided by 34.
12
What is the remainder when 201 is divided by 29?
27
What is the remainder when 129 is divided by 90?
39
What is the remainder when 13 is divided by 4?
1
Calculate the remainder when 79 is divided by 22.
13
Calculate the remainder when 118 is divided by 18.
10
What is the remainder when 361 is divided by 28?
25
What is the remainder when 3453 is divided by 48?
45
What is the remainder when 682 is divided by 216?
34
What is the remainder when 737 is divided by 209?
110
What is the remainder when 39 is divided by 12?
3
What is the remainder when 172 is divided by 54?
10
Calculate the remainder when 1585 is divided by 354.
169
What is the remainder when 58265 is divided by 27?
26
Calculate the remainder when 431 is divided by 210.
11
What is the remainder when 811 is divided by 399?
13
Calculate the remainder when 178 is divided by 10.
8
What is the remainder when 118 is divided by 50?
18
Calculate the remainder when 487 is divided by 465.
22
What is the remainder when 49 is divided by 9?
4
What is the remainder when 1939 is divided by 24?
19
Calculate the remainder when 4397 is divided by 80.
77
What is the remainder when 81 is divided by 39?
3
What is the remainder when 5251 is divided by 17?
15
What is the remainder when 12294 is divided by 23?
12
What is the remainder when 278 is divided by 133?
12
What is the remainder when 7046 is divided by 29?
28
Calculate the remainder when 1115 is divided by 367.
14
Calculate the remainder when 12777 is divided by 40.
17
Calculate the remainder when 9453 is divided by 12.
9
What is the remainder when 248 is divided by 51?
44
What is the remainder when 8367 is divided by 135?
132
Calculate the remainder when 1931 is divided by 11.
6
What is the remainder when 954 is divided by 29?
26
What is the remainder when 1023 is divided by 57?
54
Calculate the remainder when 333 is divided by 216.
117
Calculate the remainder when 48 is divided by 30.
18
What is the remainder when 986 is divided by 21?
20
Calculate the remainder when 13774 is divided by 56.
54
What is the remainder when 3468 is divided by 10?
8
What is the remainder when 236 is divided by 80?
76
What is the remainder when 74 is divided by 70?
4
Calculate the remainder when 619 is divided by 281.
57
Calculate the remainder when 225 is divided by 109.
7
Calculate the remainder when 140 is divided by 52.
36
Calculate the remainder when 101 is divided by 75.
26
What is the remainder when 259 is divided by 52?
51
What is the remainder when 1164 is divided by 50?
14
Calculate the remainder when 49 is divided by 9.
4
What is the remainder when 133 is divided by 34?
31
Calculate the remainder when 107 is divided by 16.
11
Calculate the remainder when 68678 is divided by 173.
170
What is the remainder when 669 is divided by 56?
53
What is the remainder when 2383 is divided by 31?
27
Calculate the remainder when 2019 is divided by 23.
18
What is the remainder when 233 is divided by 30?
23
What is the remainder when 64 is divided by 14?
8
What is the remainder when 5280 is divided by 2635?
10
Calculate the remainder when 4934 is divided by 81.
74
What is the remainder when 291 is divided by 49?
46
Calculate the remainder when 411 is divided by 46.
43
Calculate the remainder when 232 is divided by 26.
24
What is the remainder when 2589 is divided by 24?
21
Calculate the remainder when 117 is divided by 7.
5
What is the remainder when 30 is divided by 21?
9
Calculate the remainder when 250 is divided by 93.
64
Calculate the remainder when 3894 is divided by 3893.
1
What is the remainder when 65 is divided by 6?
5
Calculate the remainder when 227 is divided by 3.
2
Calculate the remainder when 251 is divided by 11.
9
Calculate the remainder when 1013 is divided by 252.
5
What is the remainder when 1180 is divided by 589?
2
What i